{"id":1106,"date":"2016-12-23T19:33:11","date_gmt":"2016-12-23T18:33:11","guid":{"rendered":"http:\/\/projektcydr.pl\/?page_id=1106"},"modified":"2018-10-13T13:04:08","modified_gmt":"2018-10-13T12:04:08","slug":"siarkowanie","status":"publish","type":"page","link":"https:\/\/projektcydr.pl\/blog\/siarkowanie","title":{"rendered":"Siarkowanie"},"content":{"rendered":"<p>Maksymalne dawki SO<sub>2<\/sub> dla \u015bwie\u017co wyci\u015bni\u0119tego soku:<br \/>\n<a href=\"http:\/\/projektcydr.pl\/blog\/wp-content\/uploads\/2017\/02\/tabela_SO2.png\" rel=\"attachment wp-att-1298\"><img loading=\"lazy\" decoding=\"async\" class=\"alignnone wp-image-1298 size-medium\" src=\"http:\/\/projektcydr.pl\/blog\/wp-content\/uploads\/2017\/02\/tabela_SO2-300x300.png\" alt=\"tabela_SO2\" width=\"300\" height=\"300\" srcset=\"https:\/\/projektcydr.pl\/blog\/wp-content\/uploads\/2017\/02\/tabela_SO2-300x300.png 300w, https:\/\/projektcydr.pl\/blog\/wp-content\/uploads\/2017\/02\/tabela_SO2-150x150.png 150w, https:\/\/projektcydr.pl\/blog\/wp-content\/uploads\/2017\/02\/tabela_SO2-768x771.png 768w, https:\/\/projektcydr.pl\/blog\/wp-content\/uploads\/2017\/02\/tabela_SO2.png 898w\" sizes=\"auto, (max-width: 300px) 100vw, 300px\" \/><\/a><\/p>\n<p>Warto wiedzie\u0107, \u017ce autor tej tabelki wielokrotnie podkre\u015bla\u0142, \u017ce poziom tych dawek zosta\u0142 ustalony do\u015bwiadczalnie, na podstawie eksperyment\u00f3w z jab\u0142kami zbieranymi z ziemi &#8211; nie czystymi, czy zrywanymi z drzewa. Stad s\u0105 to dawki maksymalne. Wi\u0119cej szczeg\u00f3\u0142\u00f3w we wpisie pod <a href=\"http:\/\/projektcydr.pl\/blog\/?p=1289\">tym linkiem<\/a>.<\/p>\n","protected":false},"excerpt":{"rendered":"<p>Maksymalne dawki SO2 dla \u015bwie\u017co wyci\u015bni\u0119tego soku: Warto wiedzie\u0107, \u017ce autor tej tabelki wielokrotnie podkre\u015bla\u0142, \u017ce poziom tych dawek zosta\u0142 ustalony do\u015bwiadczalnie, na podstawie eksperyment\u00f3w z jab\u0142kami zbieranymi z ziemi &#8211; nie czystymi, czy zrywanymi z drzewa. Stad s\u0105 to &hellip; <a href=\"https:\/\/projektcydr.pl\/blog\/siarkowanie\">Czytaj dalej <span class=\"meta-nav\">&rarr;<\/span><\/a><\/p>\n","protected":false},"author":4,"featured_media":0,"parent":0,"menu_order":0,"comment_status":"closed","ping_status":"closed","template":"","meta":{"footnotes":""},"class_list":["post-1106","page","type-page","status-publish","hentry"],"_links":{"self":[{"href":"https:\/\/projektcydr.pl\/blog\/wp-json\/wp\/v2\/pages\/1106","targetHints":{"allow":["GET"]}}],"collection":[{"href":"https:\/\/projektcydr.pl\/blog\/wp-json\/wp\/v2\/pages"}],"about":[{"href":"https:\/\/projektcydr.pl\/blog\/wp-json\/wp\/v2\/types\/page"}],"author":[{"embeddable":true,"href":"https:\/\/projektcydr.pl\/blog\/wp-json\/wp\/v2\/users\/4"}],"replies":[{"embeddable":true,"href":"https:\/\/projektcydr.pl\/blog\/wp-json\/wp\/v2\/comments?post=1106"}],"version-history":[{"count":4,"href":"https:\/\/projektcydr.pl\/blog\/wp-json\/wp\/v2\/pages\/1106\/revisions"}],"predecessor-version":[{"id":2626,"href":"https:\/\/projektcydr.pl\/blog\/wp-json\/wp\/v2\/pages\/1106\/revisions\/2626"}],"wp:attachment":[{"href":"https:\/\/projektcydr.pl\/blog\/wp-json\/wp\/v2\/media?parent=1106"}],"curies":[{"name":"wp","href":"https:\/\/api.w.org\/{rel}","templated":true}]}}